What are the prime factors of 364515?
3, 5, 19, 1279
List the prime factors of 2125673.
11, 193243
List the prime factors of 23565625.
5, 7541
What are the prime factors of 365064?
2, 3, 7, 41, 53
What are the prime factors of 28092?
2, 3, 2341
What are the prime factors of 37559?
23, 71
List the prime factors of 386805.
3, 5, 107, 241
What are the prime factors of 3148404?
2, 3, 7, 37, 1013
List the prime factors of 1732709.
11, 157519
List the prime factors of 461448.
2, 3, 13, 17, 29
List the prime factors of 362410.
2, 5, 36241
List the prime factors of 3203784.
2, 3, 44497
List the prime factors of 2859501.
3, 641, 1487
List the prime factors of 4540885.
5, 127, 7151
List the prime factors of 3994445.
5, 7, 13, 8779
List the prime factors of 284687.
13, 61, 359
List the prime factors of 2716956.
2, 3, 11, 2287
What are the prime factors of 763336?
2, 7, 43, 317
List the prime factors of 353876.
2, 88469
What are the prime factors of 1413115?
5, 11, 25693
What are the prime factors of 19900684?
2, 263, 18917
List the prime factors of 4435031.
4435031
List the prime factors of 3682680.
2, 3, 5, 30689
List the prime factors of 1190409.
3, 11, 36073
What are the prime factors of 36470?
2, 5, 7, 521
What are the prime factors of 704279?
704279
What are the prime factors of 4770681?
3, 59, 26953
List the prime factors of 3024479.
1223, 2473
List the prime factors of 509034.
2, 3, 43, 1973
What are the prime factors of 311115?
3, 5, 7, 2963
List the prime factors of 3920470.
2, 5, 61, 6427
What are the prime factors of 335610?
2, 3, 5, 11, 113
What are the prime factors of 25105?
5, 5021
List the prime factors of 257752.
2, 11, 29, 101
What are the prime factors of 3895342?
2, 11, 19, 9319
What are the prime factors of 44516?
2, 31, 359
What are the prime factors of 1469536?
2, 19, 2417
What are the prime factors of 9421126?
2, 11, 13, 32941
What are the prime factors of 133995?
3, 5, 8933
What are the prime factors of 111183?
3, 37061
List the prime factors of 782288.
2, 13, 3761
What are the prime factors of 2922659?
2922659
List the prime factors of 715794.
2, 3, 119299
List the prime factors of 20565610.
2, 5, 13, 43, 283
List the prime factors of 769000.
2, 5, 769
What are the prime factors of 6498334?
2, 379, 8573
List the prime factors of 3006121.
3006121
List the prime factors of 581370.
2, 3, 5, 19379
List the prime factors of 245334.
2, 3, 31, 1319
What are the prime factors of 4829988?
2, 3, 71, 5669
List the prime factors of 1340955.
3, 5, 7, 11, 43
What are the prime factors of 374516?
2, 93629
What are the prime factors of 1068264?
2, 3, 37, 401
What are the prime factors of 2024868?
2, 3, 19, 83, 107
What are the prime factors of 352489?
352489
List the prime factors of 25432935.
3, 5, 11, 17, 9067
What are the prime factors of 341465?
5, 31, 2203
List the prime factors of 79915.
5, 11, 1453
List the prime factors of 1343535.
3, 5, 43, 2083
What are the prime factors of 1545056?
2, 53, 911
What are the prime factors of 699234?
2, 3, 116539
What are the prime factors of 152863?
71, 2153
What are the prime factors of 26692991?
13, 2053307
What are the prime factors of 1301225?
5, 23, 31, 73
What are the prime factors of 29697931?
19, 467, 3347
What are the prime factors of 280191?
3, 59, 1583
What are the prime factors of 4224874?
2, 17, 313, 397
List the prime factors of 4091987.
29, 149, 947
What are the prime factors of 7703843?
7, 79, 13931
What are the prime factors of 49979?
23, 41, 53
What are the prime factors of 372451?
372451
What are the prime factors of 308822?
2, 17, 31, 293
What are the prime factors of 308508?
2, 3, 47, 547
List the prime factors of 102471.
3, 34157
What are the prime factors of 14516936?
2, 7, 29, 1277
What are the prime factors of 4019348?
2, 107, 9391
What are the prime factors of 21070?
2, 5, 7, 43
What are the prime factors of 764824?
2, 95603
List the prime factors of 12555916.
2, 101, 31079
List the prime factors of 84272.
2, 23, 229
List the prime factors of 1434185.
5, 373, 769
What are the prime factors of 1292075?
5, 51683
What are the prime factors of 2975677?
2975677
List the prime factors of 5773901.
7, 824843
List the prime factors of 225406.
2, 43, 2621
What are the prime factors of 539232?
2, 3, 41, 137
What are the prime factors of 1410068?
2, 11, 73, 439
List the prime factors of 6365351.
47, 135433
What are the prime factors of 5046624?
2, 3, 11, 59
What are the prime factors of 5999316?
2, 3, 499943
What are the prime factors of 3703?
7, 23
List the prime factors of 21514742.
2, 10757371
List the prime factors of 3647824.
2, 227989
What are the prime factors of 497202?
2, 3, 173, 479
What are the prime factors of 1899760?
2, 5, 23747
List the prime factors of 15152323.
71, 101, 2113
What are the prime factors of 208370?
2, 5, 67, 311
List the prime factors of 80990.
2, 5, 7, 13, 89
What are the prime factors of 175658?
2, 7, 12547
What are the prime factors of 1880121?
3, 79, 7933
List the prime factors of 1069780.
2, 5, 89, 601
List the prime factors of 733062.
2, 3, 11, 29, 383
What are the prime factors of 1624999?
521, 3119
List the prime factors of 316219.
316219
What are the prime factors of 463816?
2, 57977
What are the prime factors of 275621?
17, 31, 523
What are the prime factors of 19224934?
2, 9612467
List the prime factors of 315496.
2, 113, 349
List the prime factors of 948951.
3, 97, 1087
List the prime factors of 9196306.
2, 7, 29, 22651
List the prime factors of 479146.
2, 107, 2239
What are the prime factors of 401559?
3, 133853
List the prime factors of 2090982.
2, 3, 563, 619
List the prime factors of 1218419.
151, 8069
List the prime factors of 209345.
5, 149, 281
What are the prime factors of 305282?
2, 152641
What are the prime factors of 98422?
2, 49211
What are the prime factors of 248579?
248579
List the prime factors of 1314830.
2, 5, 11, 11953
List the prime factors of 771116.
2, 263, 733
What are the prime factors of 234630?
2, 3, 5, 11, 79
What are the prime factors of 4298014?
2, 7, 523, 587
What are the prime factors of 789582?
2, 3, 17, 7741
What are the prime factors of 5316923?
5316923
List the prime factors of 23932368.
2, 3, 55399
What are the prime factors of 4981096?
2, 622637
List the prime factors of 37630324.
2, 9407581
List the prime factors of 952304.
2, 53, 1123
What are the prime factors of 2279665?
5, 455933
What are the prime factors of 933490?
2, 5, 277, 337
List the prime factors of 202765.
5, 107, 379
What are the prime factors of 1674429?
3, 53, 10531
List the prime factors of 492280.
2, 5, 31, 397
List the prime factors of 25298613.
3, 2810957
List the prime factors of 1192957.
359, 3323
What are the prime factors of 547592?
2, 68449
List the prime factors of 37164200.
2, 5, 185821
What are the prime factors of 10503422?
2, 5251711
What are the prime factors of 2418614?
2, 11, 109937
List the prime factors of 791784.
2, 3, 7, 1571
What are the prime factors of 224051?
449, 499
What are the prime factors of 3209126?
2, 263, 6101
What are the prime factors of 556417?
139, 4003
What are the prime factors of 18708777?
3, 2078753
What are the prime factors of 8340824?
2, 313, 3331
List the prime factors of 1599544.
2, 179, 1117
List the prime factors of 1360276.
2, 89, 3821
What are the prime factors of 2874875?
5, 109, 211
List the prime factors of 2348888.
2, 89, 3299
List the prime factors of 1990413.
3, 8191
List the prime factors of 411297.
3, 47, 2917
What are the prime factors of 60082?
2, 11, 2731
List the prime factors of 42270.
2, 3, 5, 1409
What are the prime factors of 593204?
2, 148301
List the prime factors of 48407.
48407
What are the prime factors of 7372832?
2, 17, 13553
What are the prime factors of 12556114?
2, 23, 272959
What are the prime factors of 566156?
2, 141539
What are the prime factors of 2796210?
2, 3, 5, 31069
List the prime factors of 73865.
5, 11, 17, 79
What are the prime factors of 1425122?
2, 712561
What are the prime factors of 1025329?
577, 1777
What are the prime factors of 5686044?
2, 3, 7, 13, 41, 127
What are the prime factors of 40783820?
2, 5, 7, 11, 71, 373
What are the prime factors of 203099?
13, 17, 919
What are the prime factors of 11418021?
3, 1268669
What are the prime factors o